be f(3). Suppose 1208 = n*p + 356. Is p prime?
False
Let x(k) = -250*k**2 + 2*k + 4. Let b be x(-2). Let d = 1543 + b. Is d a prime number?
False
Let t(s) = -122*s**2 - 3*s + 10. Let m be t(-6). Let h = -2865 - m. Is h a composite number?
False
Let l(j) = 3*j**2 + 16*j + 28. Let o(y) be the third derivative of -y**5/60 - y**4/12 - 2*y**3/3 + 4*y**2. Let w be o(-5). Is l(w) prime?
False
Let d = 9141 + -5572. Is d a composite number?
True
Let s be ((-7987)/14)/(2/(-4)). Let u = s + -609. Suppose -3*t = t - u. Is t a composite number?
True
Let j(a) = -a**3 - 11*a**2 - 9*a - 8. Let b be j(-10). Let x be 8/(-10)*45/b. Suppose x*r = -r + 534. Is r a composite number?
True
Is (-16)/(-12) - (-1539048)/72 a composite number?
False
Let h(m) = -5*m + 2*m - 4 + 44*m**2 - 3 + m. Is h(-3) composite?
True
Suppose -19377 = 15*m - 118272. Is m prime?
False
Let a(y) = y**2 + y + 6. Let u be a(0). Is 782/u - 12/(-18) a composite number?
False
Suppose -3*f = -2*o - 703 - 1146, -3*f + 1854 = -3*o. Is f/2 + 17/34 composite?
False
Let g = 103 - 4. Let y be 2/1 + (-6)/(-3). Suppose 4*w = 4*c - 496, -g = -5*c + y*c - 4*w. Is c prime?
False
Let k(g) = g**2 + 20*g + 22. Let m be k(-19). Suppose -m*b + 5*s + 5137 = 0, -5367 = -3*b - 2*s - 223. Is b composite?
True
Let n(t) = t**3 - 4*t**2 + 2. Let c(u) = -2*u**3 + 9*u**2 + u - 5. Let s(r) = -2*c(r) - 5*n(r). Let h be s(2). Is ((-3768)/(-36))/(h/(-6)) composite?
False
Suppose v = m - 6692, -4*v = -2*m - 3978 + 17368. Is m composite?
False
Suppose 6*j - 3*j - 27 = 0. Let z be (-3)/j - 80/12. Is 1 + -4 - z - -673 a composite number?
False
Suppose 975 = 16*s - 11*s. Let j be 138 + 2*(-1 - 0). Let l = s - j. Is l prime?
True
Let d(j) = -2*j**3 - 11 - 4*j**2 - 9*j + 2*j**3 + 6 + j**3. Is d(10) a prime number?
False
Let q(h) = -4 + 13*h - h**3 + 7*h**2 - 3 + 1 + 0. Let g be q(5). Let a = 4 + g. Is a composite?
False
Suppose -g = 5 - 4. Let d be 3/g - (-892 - 11). Suppose -2965 = -5*a - d. Is a a composite number?
True
Suppose 2*a - 589 = 3*m, -4*a + 0*a - m = -1199. Let g = a - -180. Is g a composite number?
False
Suppose 7*b - 9891 = -0*b. Suppose -3*d = -150 - b. Is d prime?
True
Let p(z) be the first derivative of -z**4/4 - z**3 - 11*z**2/2 - 8*z - 7. Is p(-5) composite?
False
Let z(s) be the second derivative of 139*s**3/6 + 3*s**2/2 - 14*s. Is z(4) prime?
False
Suppose 12*m = 16*m + 28. Let x(v) = 2*v**3 + 33*v**2 - 12*v + 26. Let w(c) = -c**3 - 16*c**2 + 6*c - 13. Let n(p) = m*w(p) - 3*x(p). Is n(-8) prime?
False
Suppose -4 = -r - 2*w, 3*r + 0*w - 7 = -w. Suppose -20 = 4*g, r*g = -2*z - 0*g + 256. Is z composite?
True
Let v = -9 - -11. Let o be (53/v)/((-3)/(-6)). Let m = 0 + o. Is m a composite number?
False
Let i = -2956 + 4173. Is i a composite number?
False
Let k(u) = -30*u**3 + 4*u**2 - 10*u - 11. Let t(l) = 10*l**3 - l**2 + 3*l + 4. Let m(i) = 3*k(i) + 8*t(i). Is m(-4) a prime number?
True
Let u = 56 - -15. Let d be 1 + 1 + u - 3. Suppose -3*w + 41 = w - t, -5*t + d = 5*w. Is w a composite number?
False
Suppose -9 + 3 = -3*w. Suppose -w*t + 124 = 2*t. Is t composite?
False
Let t(p) = p + 47062. Is t(0) composite?
True
Suppose -20 = 23*o - 25*o. Is o/((-10)/(-105)*3) prime?
False
Suppose 0 = 35*s - 33*s - 7114. Is s prime?
True
Let v(l) = 3*l**2 - l + 4. Let f be v(-5). Suppose 5*c - 156 = w - 8, -5*c - 2*w + 139 = 0. Let o = f + c. Is o a composite number?
False
Let g(z) = 6*z + 4. Let o(k) = k**2 - k. Let u(p) = g(p) + o(p). Let i be u(-5). Suppose -4 = 4*a, 792 - 27 = i*l - a. Is l a composite number?
False
Let b be (-3306)/(-7) + 26/(-91). Suppose -13*i + 9*i = -b. Is i composite?
True
Let c(a) be the third derivative of 3*a**6/40 - a**5/15 - a**4/6 - a**3/2 - 2*a**2. Is c(4) a prime number?
False
Let u be ((-61)/(-2))/(-4 - 14/(-4)). Let x = 237 - u. Is x composite?
True
Let k(r) = -46*r - 7. Suppose -c + 2 = 7. Is k(c) prime?
True
Let r = 1619 - 1041. Let c = -321 + r. Is c prime?
True
Let f be (294 - 0)/(0 + (-4)/14). Let n = 2068 + f. Is n a composite number?
False
Let t = -236 - -46. Suppose -5*b - 170 = -5*n, -65 + 4 = -2*n - 5*b. Let v = n - t. Is v composite?
False
Suppose -16*c - 200659 = -35*c. Is c composite?
True
Let x(t) = -7*t**2 - 19*t - 3. Let m(d) = 4*d**2 + 10*d + 1. Let l(i) = 11*m(i) + 6*x(i). Is l(8) a prime number?
True
Let h = -11 - -12. Suppose n + 10 - h = 0. Is (n/(-12))/(2/136) prime?
False
Let s(b) be the third derivative of -b**4/24 + b**3/2 - 6*b**2. Let q be s(1). Suppose 57 = q*y + y. Is y a prime number?
True
Suppose 15 = 5*g - 2*s, -s + 0*s = -2*g + 5. Let l be g/15 - (-194)/(-6). Let h = l + 71. Is h a prime number?
False
Let o = 39 - 29. Is (0 + o/(-15))/(2/(-1173)) prime?
False
Suppose 49*d = 12*d + 167869. Is d composite?
True
Suppose -21854 = -3*l - u + 6*u, -3*l + u + 21850 = 0. Is l composite?
False
Suppose 874*p + 26343 = 877*p. Is p composite?
True
Let z(n) = n**3 + 12*n**2 - n - 14. Suppose 9*q + 77 = 2*q. Is z(q) a prime number?
False
Let y = -26995 + 42823. Suppose y = 4*a + z - 5556, -2*a = -z - 10698. Is a composite?
False
Suppose 0 = -4*f + 6*f. Suppose -3*j + 6 = f, 2*g - 4*j - 280 = j. Is g a composite number?
True
Suppose -96 = -t + 5*t. Let n be (1 - 0)/((-6)/t). Is -7*(-33)/(-1 + n) prime?
False
Suppose -29 = 2*s + 71. Let n be 4/(2*(-2)/s). Suppose -5*w - r = -57, 0 = 4*w + r + 2*r - n. Is w prime?
True
Suppose 2*p + 5*y - 779 = -0*y, 5*p = 5*y + 1895. Let n = 337 + p. Is n a composite number?
False
Let a(i) = -5*i**3 + i**2 - 3*i + 7. Let q(s) = s**3 - s**2 - 1. Let x(h) = -h**2 - 4*h - 2. Let y be x(-4). Let n(o) = y*q(o) - a(o). Is n(4) prime?
False
Let v(a) = 36*a**2 - a + 4. Let r(g) be the second derivative of g**4/12 - 2*g**3/3 - 5*g. Let c be r(3). Is v(c) composite?
False
Suppose -3*h = -4*g - 25, 9*g + 5 = -5*h + 4*g. Suppose 5*c = -4*y - 5 - h, 8 = -4*y + 5*c. Let u(k) = -210*k - 1. Is u(y) a prime number?
True
Let k(f) = 34*f**3 + 3*f**2 + 23*f - 13. Is k(11) prime?
False
Let r = 45 - 35. Suppose -16*d + 1146 = -r*d. Is d prime?
True
Suppose 76*u - 58*u - 66438 = 0. Is u a prime number?
True
Let u = 381 - -194. Let d = -316 + u. Is d prime?
False
Suppose 15*a = 584757 + 257478. Is a a composite number?
False
Let s = 14 + 266. Is 1 - 9/((-18)/s) a prime number?
False
Let u be (170/(-3))/((-15)/(-45)). Let j be 0/(-2) - (1 + 312). Let q = u - j. Is q composite?
True
Let v = -1572 + 1112. Let x = -63 - v. Suppose -x = -5*p - 2. Is p prime?
True
Let y be (-7 - -4)*1040/(-6). Suppose -6*g - 2250 = 4*g. Let l = y + g. Is l a composite number?
True
Suppose 2*v = 3*v - 10. Let y(p) = p - 7. Let c be y(v). Suppose -5*i + i - c*d = -360, -4*i + d = -344. Is i a composite number?
True
Suppose -5*b - c + 4129 = 12383, 3*c + 1662 = -b. Let n = b - -2389. Is n composite?
False
Suppose 4*m - 2*g = m + 18, g - 13 = -4*m. Suppose -3*c = 4*n - 561, c + m*n + 374 = 3*c. Is c a composite number?
True
Let t(z) be the first derivative of 4/3*z**3 + 9*z - 3/2*z**2 - 6. Is t(10) a prime number?
True
Let w be -15 + 12 - 2*-4. Suppose y + 3*q - 20 = 0, 0*q + 5 = w*y - 4*q. Suppose -y*z + 647 = 12. Is z composite?
False
Suppose -2*s = 4*n - 9478, -3*n + s = -3*s - 7114. Let x = 5027 - n. Is x composite?
False
Let d = 37 + -35. Suppose -m + 297 = h, d*h - 602 = -8*m + 10*m. Is h composite?
True
Let i = 18 - 23. Is 7/i + 1 - 3828/(-20) a composite number?
False
Let o = 76 - 73. Suppose 3*y = o*q - 1989, -5*q - 3*y = -1036 - 2311. Is q prime?
False
Let y(h) = 5*h. Let r be y(-2). Is 4/r + (-31059)/(-35) prime?
True
Let x = 1 + -8. Let k(m) = -7*m**3 + 25*m**2 + 19*m - 6. Let b(d) = -3*d**3 + 12*d**2 + 9*d - 3. Let p(u) = 9*b(u) - 4*k(u). Is p(x) prime?
True
Suppose 3*u - 20664 = -0*y - 3*y, 4*y - 3*u - 27552 = 0. Suppose -3*a - y = -4*t, -4501 = -5*t + 2*a + 4102. Let v = 2518 - t. Is v a prime number?
False
Is (-1 + 0)/(16/(-16 - 1599520)) prime?
True
Suppose 0 = j - 6*j + 13460. Suppose -10*f + 6*f = -j. Is f prime?
True
Suppose -2*w = m + 735, 0 = 3*m + w + 1400 + 805. Let s = m - -2788. Is s a prime number?
True
Let q(b) = 377*b + 3 + 98*b + 164*b + 97*b. Is q(1) a composite number?
False
Let m = -7 + 12. Suppose -2*n = 3*k - 197, -2*k - 2*k = -m*n + 481. Let v = n - -30. Is v a composite number?
False
Let i = 9562 + -1825. Is i a composite number?
True
Suppose 0 = 4*